/(-2) + (-12)/8. Let i be 18/99 - j/22. Suppose f + i*q = 10, 4*q + q + 20 = 2*f. What is the units digit of f?
0
Let m(q) = 3*q - 2. Let a(t) = -t**2 + 6*t - 3. Suppose 2*j - x = 3*j - 6, 5*x = 10. Let y be a(j). What is the tens digit of m(y)?
1
Let y be 22 - 3 - 0/2. Suppose -k - 5*w + y = -11, 0 = -2*k + 4*w + 4. What is the tens digit of k?
1
Let c be 6/(-8)*2*-2. Suppose c*w - 74 = 37. Let u = w - 17. What is the tens digit of u?
2
Let p(n) = n**3 + 7*n**2 + 6. Let d be p(-7). Suppose -35 = 4*b - u, 0 = d*u - 3*u + 3. Let l = -2 - b. What is the units digit of l?
7
Let r(g) = 2*g**2 + 4*g - 2. Let m(w) = -4*w**2 - 8*w + 4. Let y(i) = -6*m(i) - 11*r(i). What is the units digit of y(-4)?
4
What is the units digit of (16/(-5))/((-10)/325)?
4
Suppose 9 = m - 0*m. Let l = m + 1. What is the units digit of l?
0
Let x(c) = 4*c - 71. What is the units digit of x(19)?
5
Suppose 3*r - 2*s - 130 = 0, -42 = -2*r + 4*s + 50. What is the tens digit of r?
4
Let k(x) = 24*x - 48. What is the hundreds digit of k(7)?
1
Let s be ((-192)/15)/((-2)/10). Suppose 0 = -4*j + 4*k + s, -5*k = -j - 2*k + 10. Suppose 3*w - 24 = -3*o, -j - 9 = -3*o - 5*w. What is the units digit of o?
6
Let c = 8 + 29. Let g = c + -12. What is the tens digit of g?
2
Let i(s) = s**3 - 9*s**2 + 7*s + 8. Let o be i(8). Suppose o = 3*h - h - 24. What is the units digit of h?
2
Suppose 5*w + 5*y - 1665 = 0, 8*w - 2*y = 4*w + 1332. What is the units digit of w?
3
Suppose -r - 2*r - 3 = -5*y, 28 = 4*r + 4*y. Let p(t) = -t + 4. Let c be p(5). Let i = r + c. What is the units digit of i?
3
Let o(z) = z**2 - z - 7. What is the units digit of o(-5)?
3
Let q(t) = -t**3 - 10*t**2 + 9*t + 16. What is the tens digit of q(-11)?
3
Suppose j = -0*j + 2. What is the units digit of (-1)/j + (-77)/(-14)?
5
Let x(b) = -b**3 - 4*b**2 - 2*b + 1. Suppose -7*h + 150 = -2*h. Suppose 4*n + h - 8 = -3*o, -3*o - 6 = 0. What is the units digit of x(n)?
9
Suppose -3*z = 3*k - 147, -41 = -k + 5*z + 2. What is the units digit of k?
8
Let g be 4684/68 - (-6)/51. Let p = g - 19. What is the units digit of p?
0
Suppose y - 54 = -2*y. Let j = 5 + -3. Suppose -i = j*i - y. What is the units digit of i?
6
Let m(u) = -u**3 - 5*u**2 + 6*u + 4. Let n be m(-6). Suppose n*k = 2*k. Let h = k + 6. What is the units digit of h?
6
Let q(s) = s**2 + 4*s - 1. Let z(g) = -3*g**2 - 13*g + 3. Let r(n) = 7*q(n) + 2*z(n). Suppose 1 = -u - y - 8, 0 = -3*u + y - 11. What is the tens digit of r(u)?
1
Suppose 8*l + 280 = 12*l. What is the tens digit of l?
7
Suppose 625 - 156 = 7*g. What is the tens digit of g?
6
What is the tens digit of 4/(-8) + 159/2?
7
Let l = -111 - -195. What is the tens digit of l?
8
Suppose -68 = -4*i - 4*g, g + 72 = 3*i - 3*g. Suppose 44 = 4*l - i. What is the tens digit of l?
1
Let x(k) = -13*k - 13. Let j(r) = 7*r + 7. Let u(f) = 11*j(f) + 6*x(f). Suppose 4*n - 4*i = n - 2, -n = -3*i - 1. What is the units digit of u(n)?
1
Let a = 445 - 212. Suppose -a = -5*d - 63. What is the tens digit of d?
3
Let l be ((-6)/(-8))/(1/(-12)). Let b be (8/6)/(3/l). Let q(o) = o + 8. What is the units digit of q(b)?
4
Suppose -s - 3*s = -8. Let o be -1*(s + 0) - -3. Let g = 1 + o. What is the units digit of g?
2
What is the tens digit of (-1)/4 - ((-843)/12 + -2)?
7
Suppose c = a - 11, -a - 2*c - 3 = -2. Let d = 6 - a. What is the units digit of 0/2 - (-3 + d)?
4
Let w(t) = 2 + t - 2*t - 2*t + 0. Let v(a) = -6*a + 1. Let u be v(1). What is the tens digit of w(u)?
1
Suppose -4*y + 4 - 36 = 0. What is the units digit of (4 + y + 3)*-9?
9
Let x(v) = -2*v - 7. Let p be x(-5). Suppose -6 = -o - p. What is the units digit of -1 + 6*o/2?
8
Suppose 3*z = -4*i + 9, 5*z = -i + 18 - 3. Suppose -5*u + i*u = -10. What is the units digit of u?
2
Let w(s) = -s**3 + 7*s**2 + 8*s. Let o be w(8). What is the units digit of (0 + 2)*(1 - o)?
2
Let p = 4 + 41. Suppose -3*b + p = 2*b. What is the units digit of b?
9
Suppose -105 = -8*g + 3*g. Let p be 178/14 - (-6)/g. Let n = 21 - p. What is the units digit of n?
8
Suppose 5*a - 2*a = 3. What is the units digit of a?
1
Suppose -14 = -u - s, -5*u + 4*s = s - 110. Let y = u - 32. Let n = y - -23. What is the tens digit of n?
1
Let n = -28 - -41. Let l = n - 10. What is the units digit of l?
3
Suppose -11*b + 265 = -186. What is the units digit of b?
1
Let y = 23 + -7. What is the tens digit of y?
1
Suppose i + 20 = j, -j = -2*j + 5*i + 36. Suppose -20*k = -16*k - j. What is the units digit of k?
4
Let g = 14 + -18. Let t(r) = r + 0*r - r**2 + 2*r**2. What is the units digit of t(g)?
2
What is the tens digit of (-5)/20*310*4/(-2)?
5
Suppose 4*z - 2*z = 0. Let i(o) = o**2 + o + 24. What is the tens digit of i(z)?
2
Let a(k) = -k**3 + 3*k**2 - 3*k + 2. Let i be a(2). Suppose z - 2 = -i. What is the units digit of z?
2
Let u(s) = s**2 - 3*s. Let g be u(5). Let b(l) be the first derivative of -l**3/3 + 6*l**2 - 4*l - 30. What is the units digit of b(g)?
6
Let j(x) be the third derivative of x**4/24 + 5*x**3/6 - 2*x**2. Let l be j(-6). What is the units digit of (l - -4) + 10 + -1?
2
Suppose -d = -3*d. Suppose 2*f + 4 = -q - 2, d = 5*q - 3*f - 35. What is the units digit of 26/8 + q/(-16)?
3
Let b = 14 + -8. Suppose 3*s - b = -0*s. Let p(q) = 2*q + 1. What is the units digit of p(s)?
5
Suppose -2*z = -4*t + 50 + 90, 3*z = -3*t + 96. What is the units digit of t?
4
Let q = 44 + -41. Let h(o) = o**2 + 3*o + 1. Let u be h(-4). Suppose -q*d - 8 = u*m - 70, 5 = -5*d. What is the units digit of m?
3
Suppose 12 = 4*v, -d + 2*v + 21 = v. What is the tens digit of d?
2
Let w be (1 - 0)*15*-1. Let i = -7 - w. What is the units digit of i?
8
Suppose -8 = -4*u + 24. What is the units digit of (u/(-6))/((-6)/63)?
4
Let k(j) = -j**3 - 9*j**2 - 8*j + 2. Let p be k(-8). Suppose -2*y + 5*t = 4, 0*y - y + 3*t = 0. What is the tens digit of (p - 4 - y)/1?
1
Suppose 2*s - 69 = 47. Suppose 3*v - 3*n = -v + 199, s = v + 2*n. What is the tens digit of v?
5
Let x(h) = -7*h**3 - 10*h**2 - 15*h + 13. Let z(a) = 8*a**3 + 10*a**2 + 16*a - 14. Let k(g) = 7*x(g) + 6*z(g). What is the units digit of k(-9)?
7
Let m = -88 + 91. What is the units digit of m?
3
What is the units digit of (-39)/6*(-5 - -1)?
6
Let x(b) = -b**3 + 9*b**2 + b + 6. What is the units digit of x(9)?
5
Let r be 15/(-25) - (-726)/10. Suppose r = 5*g - 2*m, 0*g + m + 29 = 2*g. What is the tens digit of g?
1
Suppose j - 72 = -2*j. What is the tens digit of (-9)/(-6)*(j + 2)?
3
Let w be 6/(-4)*30/(-9). Suppose 3*g = 3*j - g - 30, -5*j = w*g - 50. What is the units digit of j?
0
What is the tens digit of 10 + 4 + 4/(-2)?
1
Let k(j) = -j**3 + 10*j**2 + 11. Let d(p) = p + 2. Let c be d(6). Suppose -30 = -2*g + 2*l, 3*g = -3*l + c*l + 55. What is the units digit of k(g)?
1
Let k(v) = 3*v - 1. Let p(n) = 5*n - 2. Let y(q) = 8*k(q) - 5*p(q). Suppose b = -b - 3*b. What is the units digit of y(b)?
2
Let k(s) = -15*s + 2. Suppose 2*j + 2 = 3*g, -28 = 3*g + g + 5*j. Let a be k(g). Let l = -22 + a. What is the tens digit of l?
1
Suppose 5*k - 23 = 2*a, 2*a - 5 = -3*a. Let f be -1*6*(-2)/((-2)/(-13)). Suppose k*z - 7 = f. What is the units digit of z?
7
Suppose 0 = 5*l - 0*l + 4*a + 20, 5*l = 3*a + 15. Let r be ((-18)/3 - l)/(-1). Suppose -t = -r - 4. What is the units digit of t?
0
Suppose 2*k = 8*k - 246. What is the tens digit of k?
4
Let w be 27/(-12) + (-1)/(-4). Let m = w - -4. Suppose -z - 6 = -m*z. What is the units digit of z?
6
Let s be (1/(-1))/((-1)/5). Suppose g = s*r - 75, -2*r + 3*g + 15 = -r. What is the units digit of r?
5
Let c = 40 - 33. What is the units digit of c?
7
Let y = 11 + -6. Let c be (110/25)/(2/10). Suppose c - 2 = y*a. What is the units digit of a?
4
Let y(i) = -11*i - 11. What is the units digit of y(-6)?
5
What is the units digit of (-29775)/(-105) + (-3)/(-7)?
4
Let o(h) = 2*h + 3. Let y be o(4). What is the units digit of (-1)/(((-2)/y)/2)?
1
What is the units digit of (-6)/14 + 260/35?
7
Suppose -2*k + 0*k = -58. What is the tens digit of k?
2
Suppose 80 = -y + 32. What is the tens digit of (2/(-3))/(2/y)?
1
Suppose c = 3*c - 300. Suppose 9*j - c = 4*j. What is the tens digit of j?
3
Let b = 12 + -8. Suppose 0*o = -b*o + 20. What is the units digit of o?
5
Let o = 23 - 17. What is the units digit of o?
6
Let n(x) = 7*x - 4*x - 7*x + 2*x**2 - 4*x*